d by 6?
1
Calculate the remainder when 8566978 is divided by 510.
508
What is the remainder when 43125 is divided by 25?
0
What is the remainder when 366838 is divided by 180?
178
Calculate the remainder when 29722 is divided by 9739.
505
Calculate the remainder when 32111 is divided by 72.
71
What is the remainder when 99715 is divided by 39?
31
What is the remainder when 592182 is divided by 111?
108
What is the remainder when 49574 is divided by 443?
401
Calculate the remainder when 109682 is divided by 96.
50
What is the remainder when 6846 is divided by 688?
654
Calculate the remainder when 6185 is divided by 1958.
311
Calculate the remainder when 86510 is divided by 239.
231
Calculate the remainder when 6223 is divided by 523.
470
What is the remainder when 42316 is divided by 6?
4
What is the remainder when 3828 is divided by 1255?
63
Calculate the remainder when 330974 is divided by 2489.
2426
Calculate the remainder when 186865 is divided by 58.
47
What is the remainder when 736 is divided by 327?
82
Calculate the remainder when 15899 is divided by 66.
59
Calculate the remainder when 224547 is divided by 173.
166
What is the remainder when 75183 is divided by 18?
15
Calculate the remainder when 1809805 is divided by 208.
205
What is the remainder when 43083 is divided by 7177?
21
Calculate the remainder when 4503 is divided by 924.
807
Calculate the remainder when 124384 is divided by 64.
32
Calculate the remainder when 41226 is divided by 461.
197
Calculate the remainder when 934986 is divided by 35.
31
Calculate the remainder when 1600 is divided by 141.
49
What is the remainder when 21956 is divided by 39?
38
What is the remainder when 575363 is divided by 85?
83
What is the remainder when 9112 is divided by 481?
454
Calculate the remainder when 16471 is divided by 27.
1
Calculate the remainder when 6923 is divided by 90.
83
What is the remainder when 732216 is divided by 365?
26
Calculate the remainder when 35214 is divided by 34.
24
What is the remainder when 11469 is divided by 636?
21
Calculate the remainder when 17103 is divided by 364.
359
What is the remainder when 8099 is divided by 252?
35
Calculate the remainder when 43306 is divided by 16.
10
Calculate the remainder when 1596 is divided by 30.
6
Calculate the remainder when 68690 is divided by 7631.
11
Calculate the remainder when 848 is divided by 22.
12
What is the remainder when 32821 is divided by 10937?
10
Calculate the remainder when 5193 is divided by 1029.
48
Calculate the remainder when 5251 is divided by 869.
37
Calculate the remainder when 480 is divided by 49.
39
What is the remainder when 73247 is divided by 96?
95
Calculate the remainder when 1776 is divided by 110.
16
What is the remainder when 21292 is divided by 126?
124
What is the remainder when 4695603 is divided by 1478?
1475
Calculate the remainder when 9064 is divided by 57.
1
Calculate the remainder when 4033 is divided by 4020.
13
What is the remainder when 1704 is divided by 211?
16
What is the remainder when 1471746 is divided by 111?
108
Calculate the remainder when 86938 is divided by 54.
52
What is the remainder when 23177 is divided by 442?
193
Calculate the remainder when 5330 is divided by 121.
6
Calculate the remainder when 1777 is divided by 161.
6
Calculate the remainder when 14139 is divided by 13934.
205
Calculate the remainder when 933897 is divided by 1698.
1695
Calculate the remainder when 1209 is divided by 59.
29
Calculate the remainder when 20870 is divided by 1052.
882
What is the remainder when 83857 is divided by 2705?
2
What is the remainder when 119065 is divided by 388?
337
Calculate the remainder when 127647 is divided by 127611.
36
Calculate the remainder when 137559 is divided by 10.
9
What is the remainder when 2251 is divided by 22?
7
Calculate the remainder when 4730 is divided by 30.
20
Calculate the remainder when 1467003 is divided by 44.
43
What is the remainder when 6392 is divided by 623?
162
What is the remainder when 254001 is divided by 12?
9
What is the remainder when 30327 is divided by 5?
2
What is the remainder when 74928 is divided by 43?
22
Calculate the remainder when 17051 is divided by 4260.
11
Calculate the remainder when 49862 is divided by 24909.
44
What is the remainder when 250617 is divided by 10?
7
What is the remainder when 859 is divided by 153?
94
What is the remainder when 55770 is divided by 446?
20
Calculate the remainder when 631912 is divided by 81.
31
What is the remainder when 118400 is divided by 156?
152
What is the remainder when 9544 is divided by 4665?
214
What is the remainder when 3309 is divided by 789?
153
Calculate the remainder when 28826 is divided by 13.
5
What is the remainder when 10269 is divided by 1913?
704
What is the remainder when 1459 is divided by 334?
123
What is the remainder when 5173 is divided by 293?
192
What is the remainder when 1289 is divided by 29?
13
What is the remainder when 2250 is divided by 17?
6
Calculate the remainder when 2202 is divided by 13.
5
What is the remainder when 10024 is divided by 132?
124
What is the remainder when 6908865 is divided by 1431?
1428
Calculate the remainder when 220 is divided by 185.
35
What is the remainder when 23004 is divided by 675?
54
Calculate the remainder when 3113 is divided by 2127.
986
Calculate the remainder when 17554 is divided by 12.
10
What is the remainder when 1412 is divided by 32?
4
What is the remainder when 745276 is divided by 85?
81
Calculate the remainder when 7900 is divided by 132.
112
Calculate the remainder when 34339 is divided by 34082.
257
What is the remainder when 15351 is divided by 3792?
183
What is the remainder when 1241549 is divided by 659?
652
What is the remainder when 59288 is divided by 593?
581
What is the remainder when 6791 is divided by 455?
421
Calculate the remainder when 56956 is divided by 45.
31
Calculate the remainder when 6209 is divided by 26.
21
What is the remainder when 5947 is divided by 1067?
612
What is the remainder when 195300 is divided by 2442?
2382
What is the remainder when 934228 is divided by 165?
163
Calculate the remainder when 191091 is divided by 156.
147
Calculate the remainder when 963 is divided by 279.
126
What is the remainder when 13659 is divided by 3839?
2142
Calculate the remainder when 384800 is divided by 1515.
1505
What is the remainder when 78037 is divided by 12998?
49
What is the remainder when 20154 is divided by 28?
22
Calculate the remainder when 8760 is divided by 69.
66
Calculate the remainder when 15738 is divided by 5.
3
What is the remainder when 2700 is divided by 106?
50
Calculate the remainder when 202459 is divided by 382.
381
What is the remainder when 29006 is divided by 192?
14
What is the remainder when 221576 is divided by 554?
530
Calculate the remainder when 145486 is divided by 73.
70
Calculate the remainder when 6430 is divided by 32.
30
What is the remainder when 8487 is divided by 1382?
195
What is the remainder when 57276 is divided by 50?
26
Calculate the remainder when 9659 is divided by 21.
20
What is the remainder when 13955 is divided by 664?
11
What is the remainder when 4319 is divided by 28?
7
Calculate the remainder when 27420 is divided by 5480.
20
What is the remainder when 106759 is divided by 20?
19
Calculate the remainder when 1296471 is divided by 174.
171
What is the remainder when 16059 is divided by 114?
99
What is the remainder when 10571 is divided by 58?
15
Calculate the remainder when 73156 is divided by 880.
116
Calculate the remainder when 17560 is divided by 151.
44
Calculate the remainder when 341 is divided by 145.
51
What is the remainder when 43100 is divided by 248?
196
Calculate the remainder when 1220 is divided by 166.
58
What is the remainder when 27957 is divided by 23?
12
What is the remainder when 1697 is divided by 249?
203
What is the remainder when 10487 is divided by 19?
18
What is the remainder when 16751 is divided by 4169?
75
Calculate the remainder when 95468 is divided by 48.
44
What is the remainder when 233876 is divided by 15?
11
Calculate the remainder when 250428 is divided by 83398.
234
Calculate the remainder when 5790 is divided by 34.
10
What is the remainder when 1973639 is divided by 317?
